 a factor of 1696905?
False
Is 296258265 a multiple of 995?
True
Is 709 a factor of 125192384?
True
Does 166 divide 749195350?
True
Does 7658 divide 555197668?
False
Is 12 a factor of 128635293?
False
Is 3538 a factor of 139010764?
False
Is 22420314 a multiple of 1377?
True
Does 3 divide 14484939?
True
Is 1549 a factor of 9751118?
False
Is 5227 a factor of 253948568?
True
Does 7 divide 138628476?
True
Is 307074921 a multiple of 22?
False
Is 10054863 a multiple of 8?
False
Is 192155181 a multiple of 6?
False
Does 38 divide 8680794?
False
Does 126 divide 52537205?
False
Is 417123153 a multiple of 102?
False
Is 917 a factor of 364077151?
False
Is 21 a factor of 703666530?
True
Is 215509850 a multiple of 50?
True
Is 2327 a factor of 16866677?
False
Is 7010774 a multiple of 81?
False
Does 1853 divide 2130755435?
True
Does 608 divide 36236192?
True
Is 1870648293 a multiple of 60?
False
Is 54213271 a multiple of 72?
False
Does 6 divide 4944341?
False
Does 35 divide 109250312?
False
Is 28 a factor of 16802940?
True
Is 2 a factor of 4278014?
True
Is 42952338 a multiple of 73?
False
Is 1749 a factor of 237647827?
False
Does 12 divide 7221480?
True
Is 1443572 a multiple of 159?
False
Is 77600878 a multiple of 168?
False
Does 10 divide 233950892?
False
Is 19 a factor of 3369498?
True
Is 569822940 a multiple of 14?
False
Is 707504526 a multiple of 226?
True
Does 14 divide 1532781041?
False
Is 207 a factor of 1710017685?
True
Does 7 divide 535441046?
True
Is 2025541 even?
False
Does 22 divide 89443002?
True
Does 7837 divide 3137448902?
False
Is 661 a factor of 118666473?
False
Is 1790216652 a multiple of 282?
True
Does 18 divide 34253744?
False
Does 12219 divide 3560868707?
False
Does 258 divide 768968244?
False
Is 97 a factor of 31495318?
True
Is 836257240 a multiple of 620?
True
Does 201 divide 1898497461?
True
Is 5 a factor of 1026413915?
True
Is 128 a factor of 6187008?
True
Is 22 a factor of 113913123?
False
Is 8 a factor of 27377728?
True
Is 1087617881 a multiple of 74?
False
Does 429 divide 1676612223?
True
Does 502 divide 13337907?
False
Is 6918 a factor of 635681992?
False
Does 17 divide 1624116556?
True
Is 34 a factor of 9572041?
False
Is 4482 a factor of 87950286?
True
Is 46 a factor of 22586138?
True
Is 662102429 a multiple of 4143?
False
Does 44 divide 33773652?
True
Is 522 a factor of 40960296?
True
Does 139 divide 195932732?
True
Is 11 a factor of 1268091451?
True
Is 468313457 a multiple of 8?
False
Is 23066592 a multiple of 927?
False
Is 13 a factor of 472992639?
False
Is 87086121 even?
False
Does 115 divide 60260?
True
Is 14720203 a multiple of 1319?
False
Does 3177 divide 16738609?
False
Is 29 a factor of 1025962?
True
Does 45 divide 56066220?
True
Is 2006 a factor of 477686774?
True
Is 3 a factor of 801154533?
True
Does 32 divide 13546432?
True
Does 1184 divide 1491024224?
True
Does 2059 divide 275796873?
True
Does 74 divide 266673356?
True
Does 295 divide 265905868?
False
Does 131 divide 45334908?
True
Does 34 divide 68703169?
False
Does 23 divide 1875010015?
False
Is 113516411 a multiple of 430?
False
Is 65 a factor of 3728144355?
True
Is 64 a factor of 93024170?
False
Does 2853 divide 179942563?
False
Does 421 divide 10865589?
True
Is 9421449 a multiple of 82?
False
Is 99 a factor of 90964541?
False
Is 48 a factor of 17874096?
True
Does 2161 divide 17285255?
False
Is 74430684 a multiple of 18?
True
Does 7 divide 619725918?
True
Does 117 divide 163794459?
False
Does 19 divide 243820386?
False
Does 4 divide 32805382?
False
Does 640 divide 4664320?
True
Is 8085907 a multiple of 384?
False
Is 1217 a factor of 2047708383?
False
Is 10092 a factor of 730961701?
False
Does 7 divide 107322512?
False
Is 1353 a factor of 2091870264?
False
Is 7097940 a multiple of 235?
True
Is 1374671838 a multiple of 4351?
False
Is 7 a factor of 40186426?
True
Is 86416421 a multiple of 3277?
False
Does 4 divide 6631487?
False
Is 45412478 a multiple of 854?
False
Does 184 divide 219199384?
True
Is 54245281 a multiple of 48?
False
Does 543 divide 608577168?
False
Is 687414168 a multiple of 3052?
True
Does 46 divide 806948657?
False
Does 126 divide 13042838?
False
Is 30 a factor of 176536380?
True
Is 21932937 a multiple of 336?
False
Does 153 divide 20227726?
False
Is 821295677 a multiple of 3?
False
Is 158697594 a multiple of 66?
True
Is 22918810 a multiple of 116?
False
Is 413077392 a multiple of 3261?
True
Does 3146 divide 1637687592?
False
Does 18 divide 54698490?
True
Is 92605112 a multiple of 96?
False
Is 341 a factor of 2444768254?
False
Does 21 divide 25209240?
True
Is 30402290 a multiple of 82?
False
Does 25 divide 1139601325?
True
Is 44067660 a multiple of 14?
True
Is 79 a factor of 2243534983?
True
Is 13 a factor of 4580095?
True
Does 39 divide 3728851?
False
Is 5075 a factor of 930572300?
True
Is 106261456 a multiple of 477?
False
Is 938 a factor of 456190042?
False
Does 19 divide 1488101261?
True
Does 167 divide 112877972?
True
Does 5492 divide 1966234856?
True
Is 15 a factor of 11885131?
False
Is 202317625 a multiple of 479?
True
Is 1065 a factor of 631227630?
True
Is 9327047 a multiple of 65?
False
Is 69 a factor of 11799828?
True
Does 796 divide 745791504?
True
Is 13 a factor of 9800303?
False
Is 54 a factor of 2260823454?
True
Is 39 a factor of 31911802?
False
Does 82 divide 13623727?
False
Does 10 divide 891360?
True
Is 4 a factor of 10477008?
True
Is 34781446 a multiple of 228?
False
Is 16 a factor of 681969893?
False
Is 5 a factor of 8712295?
True
Does 1191 divide 127218251?
False
Is 1358 a factor of 99136032?
False
Is 35494497 a multiple of 45?
False
Is 139864985 a multiple of 65?
True
Is 21 a factor of 51193464?
True
Does 272 divide 71714976?
True
Does 64 divide 4006016?
True
Does 9 divide 448400328?
False
Does 35 divide 110338215?
False
Does 53 divide 32979303?
True
Is 30219642 a multiple of 459?
True
Is 6 a factor of 10760648?
False
Does 171 divide 37473282?
True
Is 326 a factor of 238002041?
False
Does 18 divide 164103878?
False
Is 147 a factor of 52226557?
False
Does 700 divide 32985400?
True
Is 56 a factor of 157996280?
False
Is 55 a factor of 988681100?
True
Does 30 divide 350592270?
True
Does 86 divide 215680766?
False
Does 1284 divide 554988456?
True
Is 800235383 a multiple of 118?
False
Does 1583 divide 49565201?
False
Does 2129 divide 2180233931?
False
Does 254 divide 1310110410?
True
Does 714 divide 783219444?
True
Is 4 a factor of 6522967?
False
Does 353 divide 687368660?
True
Is 618945316 a multiple of 556?
True
Does 341 divide 23854542?
False
Is 17 a factor of 4454136?
True
Does 12 divide 241379592?
True
Is 79140731 a multiple of 107?
True
Is 4372272 a multiple of 11?
False
Is 43388943 a multiple of 141?
True
Is 24 a factor of 165007381?
False
Is 193543274 a multiple of 58?
True
Is 5 a factor of 20418764?
False
Is 12 a factor of 1573663060?
False
Is 31679628 a multiple of 281?
False
Is 363319900 a multiple of 25?
True
Is 821677259 a multiple of 61?
True
Is 77 a factor of 118610800?
True
Does 136 divide 16749044?
False
Is 94900846 a multiple of 271?
False
Does 32 divide 11633024?
True
Is 57898208 a multiple of 16?
True
Is 478251150 a multiple of 50?
True
Does 162 divide 109697422?
False
Is 2837 a factor of 6192365162?
False
Does 27 divide 235209744?
True
Is 740256 a multiple of 12?
True
Does 18 divide 10749134?
False
Does 1399 divide 122009588?
True
Is 3307288340 a multiple of 2141?
True
Is 424 a factor of 189432682?
False
Is 8960053 a multiple of 45?
False
Does 604 divide 91313771?
False
Is 270 a factor of 11653740?
True
Is 552813696 a multiple of 2448?
False
Does 22 divide 17663800?
True
Is 7 a factor of 6326813?
False
Is 4826 a factor of 758634743?
False
Is 103268161 a multiple of 107?
True
Does 149 divide 422239687?
False
Is 473 a factor of 51315617?
False
Is 1669 a factor of 288161195?
True
Does 37 divide 118512471?
False
Is 76826490 a multiple of 1924?
False
Is 1408800285 a multiple of 17?
True
Is 125920204 a multiple of 69?
False
Is 716663328 a multiple of 5?
False
Is 55 a factor of 535662?
False
Is 47691320 a multiple of 562?
True
Is 3 a factor of 214692458?
False
Is 257 a factor of 32960507?
True
Is 23876744 a multiple of 232?
True
Is 4 a factor of 428894?
False
Does 340 divide 532838820?
True
Does 20 divide 43904478?